 is the tens digit of u?
6
Suppose 5*g = -20, 2*k - 1593 = 3*g + 1811. What is the hundreds digit of k?
6
Let g(v) = -50*v + 33. What is the hundreds digit of g(-12)?
6
Suppose -p - 4*p = 3*k - 29, -p + k = -1. Let m = p + -14. Let r = m + 36. What is the units digit of r?
6
Let b(u) = -u**3 + u**2 + 4*u + 3649. What is the units digit of b(0)?
9
Let r(w) = -w**3 + 9*w**2 + 3. Let y be r(9). Suppose 5*x = -y*x + 144. What is the units digit of x?
8
Suppose 3 = x - 0. Let d be (-12)/(-18) + 13/x. Suppose 2*y - 69 = -d*k - 5, 5*k = -5*y + 160. What is the tens digit of y?
3
Suppose -2 = a - 2. Suppose -2*d + 62 + 160 = a. What is the units digit of d?
1
Suppose z - 35 = 10. Let m = z - 8. What is the tens digit of m?
3
Suppose -58*a = -112*a + 75006. What is the thousands digit of a?
1
Suppose -r = -2*m - 89, 5*r - 2*r + 5*m = 245. Suppose s + r = 260. What is the units digit of s?
5
Let r = 6 + -4. Suppose r*k = -2*k + 28. Let h = 21 - k. What is the tens digit of h?
1
Suppose -2*v + 4*g + 440 = -658, -5*v = 2*g - 2793. What is the units digit of v?
7
Suppose 3*b + 4*i = 737, 4*b + 2*i - 3*i = 1008. Let s be 2/12 + b/6. Let y = s - -9. What is the units digit of y?
1
Let s = -72 - -79. Let x(y) = 3*y + 14. Let c(j) = -14*j - 70. Let i(m) = 3*c(m) + 16*x(m). What is the tens digit of i(s)?
5
Let l(g) be the first derivative of -g**4/4 - 5*g**3/3 - 5*g**2/2 - 9*g - 12. What is the tens digit of l(-5)?
1
Let l = 3152 + -1293. What is the tens digit of l?
5
Let t = -161 + 165. Suppose -t*f = -4*v - 0*f + 108, 3*v - f = 89. What is the units digit of v?
1
What is the units digit of (-41 - -26)/(1/(-11))?
5
Let j(i) = i**3 - 15*i**2 - 15. Let l be j(15). Let a = l - -17. Let v(t) = 2*t**3 - 2*t**2 - 1. What is the units digit of v(a)?
7
Let a(t) = -2*t**2 + 41*t + 31. Let d(y) = -3*y**2 + 62*y + 47. Let v(g) = -7*a(g) + 5*d(g). What is the units digit of v(10)?
8
Let v(l) be the third derivative of -l**4/12 + 8*l**3/3 + 7*l**2. Suppose d = 4*d + r + 46, d + 20 = 2*r. What is the units digit of v(d)?
8
Suppose -4 = 3*m + 14. Let x = 81 + m. What is the tens digit of x?
7
Let m be (1331 + 0 - -5) + -1. Suppose m = 14*f - 331. What is the units digit of f?
9
Let r = -136 - -177. What is the units digit of r?
1
Let z(l) = l**3 + 10*l**2 + 16*l + 40. What is the units digit of z(-8)?
0
Let z(u) = -u**3 - 5*u**2 + 3. Let v be z(-5). Suppose -1 = p - v. Suppose p*j = -j + 75. What is the tens digit of j?
2
What is the tens digit of ((-948)/553)/((2/(-161))/1)?
3
Let n(m) = -m**3 - m**2 - 5*m + 2. Let p be n(3). Let v = 428 + -341. Let u = p + v. What is the units digit of u?
8
Let i be 0/(-2) + 1 + -11. Let d = -12 + i. Let l = 45 - d. What is the units digit of l?
7
Let d = -14 - -14. Let k(p) = -p + 68. What is the tens digit of k(d)?
6
Let y(x) = -x**3 - 4*x**2 - 2*x + 1. Let c be y(-3). Let g(o) = o + 6. Let n(j) = 2*j + 5. Let i(s) = c*n(s) + 3*g(s). What is the tens digit of i(-15)?
2
Let x = -54 - -48. What is the units digit of (-15)/x*352/40?
2
Let q = -893 - -1623. What is the units digit of q?
0
Suppose -3*y = -4*j - 186, 0*j = -4*j + y - 190. What is the units digit of (-17)/(-85) + j/(-10)?
5
Suppose -98*k + 91*k + 21819 = 0. What is the thousands digit of k?
3
What is the tens digit of (-2)/(-40)*-4 + 1872/10?
8
What is the tens digit of 2/16 - (-3534)/16?
2
Let o = 3304 + -2339. What is the hundreds digit of o?
9
Suppose -800*p - 22544 = -808*p. What is the units digit of p?
8
Let t = -290 - -1475. What is the hundreds digit of t?
1
Suppose 2*g - 5*g + 63 = 0. Let k = 52 - g. What is the units digit of k?
1
Let p(q) = 5*q + 9. Let t = -8 - -10. Suppose 4*m - 15 - 1 = -t*b, 3*b = 4*m - 16. What is the tens digit of p(m)?
2
Suppose -690 - 3800 = -5*r. What is the hundreds digit of r?
8
Suppose 0 = -7*u - 158 - 262. Let d = -50 - u. What is the tens digit of d?
1
Suppose 1010 = 6*u - 4*u. What is the units digit of u?
5
Let r = -9 - -12. Suppose 0*y + 5*y + 197 = r*t, 3*t = 2*y + 185. What is the tens digit of t?
5
What is the thousands digit of 0 + (1072 - (0 - -1))?
1
Suppose 20082 = 7*r - 372. What is the thousands digit of r?
2
Let s be (-2)/(2*2) + (-35)/(-14). What is the tens digit of 3/s*(-616)/(-84)?
1
Let m = -187 - -219. What is the tens digit of m?
3
Suppose 0 = -3*u + 438 + 339. What is the units digit of u?
9
Let o = -7 + 16. Suppose o*g - 7*g = 20. Suppose -2*c + 4*c = g. What is the units digit of c?
5
Let c be (-36)/(-42)*(-28)/(-6). Suppose p = c*p + 81. Let w = p - -49. What is the tens digit of w?
2
What is the thousands digit of (-3)/((-60)/(-900) + (-1198)/17745)?
3
Let n(p) = p**3 + 3*p**2 - 5*p + 3. Let v be n(3). Suppose w - v = -0*w. Suppose 0 = 2*q - 8*q + w. What is the units digit of q?
7
Suppose -2*h + 5*i + 172 = -247, 4*h + 4*i - 824 = 0. What is the hundreds digit of h?
2
Suppose 75*o + 5060 = 79*o. Suppose 0 = 9*n - 4*n - o. What is the units digit of n?
3
What is the units digit of 30899/(1 + 10) + -2?
7
Let p = 492 + -407. What is the tens digit of p?
8
Let o(v) = -v**2 - 4*v + 7. Let a be o(-5). Suppose a*h + 40 = 6*h. Let k = h + -8. What is the units digit of k?
2
Let u(b) = -6*b**3 + b**2 + 4*b + 3. What is the units digit of u(-4)?
7
Let u = -35 - -24. Let p = u - -15. Suppose -48 = -2*g + p*v, -3*v = -4*g - 7*v + 36. What is the units digit of g?
4
Let w = 695 + 261. What is the hundreds digit of w?
9
What is the hundreds digit of 3994/14 + 0 + 4/(-14)?
2
Let t(j) = -3*j**2 + 3 - 5 + 1 + j + 40*j**2. Let p be t(1). Suppose 5*y = 3*x + p, -5*y - 2*x + 53 = 11. What is the units digit of y?
8
What is the units digit of 5606/7 + 6/42?
1
Let m = 1413 - 1208. What is the units digit of m?
5
Suppose -147 = 3*w - 2*v - 2*v, -96 = 2*w - 2*v. What is the tens digit of w/((-5 + 4)/1)?
4
Let z be ((-18)/4)/((-15)/(-20)). Let i = z + 50. Suppose -5*q = -86 - i. What is the units digit of q?
6
Suppose 39730 + 3984 = 22*y. What is the thousands digit of y?
1
Let n be 2/6 + (-132)/(-9). Let m(v) = v - 11. What is the units digit of m(n)?
4
Suppose 3*x = 5*t + 7, -2*x + 5*t + 4 = 1. Let y be (1/2*x)/2. Let s = 20 + y. What is the units digit of s?
1
Let k(a) = a**3 - a**2. Let h be k(2). What is the hundreds digit of (303/2 - h)*4/5?
1
Suppose 26 = 3*z + 4*w, 0 = -2*z + w - 3*w + 18. Let q be ((-4)/z)/(6/(-1080)). Suppose q = 4*t - 0. What is the units digit of t?
8
Let n = 54 - 49. Suppose v - 3*s - 298 = -4*v, -n*v = 2*s - 293. What is the units digit of v?
9
Suppose -4*y = 3*s - 1359, 0 = 17*s - 14*s - y - 1374. What is the tens digit of s?
5
Let c be (-135 - 0)/(-3) - 2. Suppose -4*j + 43 = -2*i - c, -3*i - 3 = 0. What is the units digit of j?
1
Suppose 3*m - 69 = 87. Let s = -25 + m. What is the units digit of s?
7
Let v(i) = -i**3 + 12*i**2 + 12*i + 13. Let l be v(13). Suppose -10*x + 9*x + 90 = l. What is the tens digit of x?
9
Let f = -104 - -104. Suppose -2*s - 42 + 326 = f. What is the hundreds digit of s?
1
Let b = 46 - 46. Suppose 4*q - 2*m - 300 = b, 0 = 3*m + 7 + 5. What is the units digit of q?
3
Let i = 9 - 7. Suppose 35 = 8*a - 3*a. Let w = a - i. What is the units digit of w?
5
Suppose -y - 821 = -2*t, -4*t - 9*y + 7*y + 1630 = 0. What is the hundreds digit of t?
4
What is the tens digit of (1 - 120/136) + (-10589)/(-17)?
2
Let w = -121 - 93. Let m = w + 372. What is the tens digit of m?
5
Suppose -i - 5*h + 351 = 0, 4*h - 774 - 1023 = -5*i. What is the units digit of i?
1
Let t(m) = m. Let r be t(3). Suppose -r*c + 79 = 4*q, -c - c + 50 = 2*q. Suppose 3 = -2*b + c. What is the units digit of b?
9
Let o(z) = -251*z**3 - z - 1. Let k be o(-1). Let p = k + -117. What is the tens digit of p/8 + 4/16?
1
Suppose 24*w = 52134 + 13578. What is the thousands digit of w?
2
Suppose -4*q = -5*p + 4017, -4*p + 4*q + 1082 + 2130 = 0. What is the units digit of p?
5
Let i(t) = t**2 + 7*t + 9. Let s be i(-6). Let c = s - 1. Suppose 26 + 4 = 2*y - c*l, 5*y = -l + 93. What is the units digit of y?
8
Suppose -5*l - 38 = -3*b, -3*b - 73 = -6*b - 2*l. What is the tens digit of b?
2
Let k be 5/20 - (-4065)/12. What is the hundreds digit of (k + -28)*(-1 + 2)?
3
Suppose 3*a = 5*y - 13, 3*y + 4*a + 3 = 5. Suppose y*n + 3*g = 322, -2*n + 0*g + 338 = -g. What is the tens digit of n?
6
Suppose 2 = 4*m - 3*m. Suppose 5*i + 